{"id":103,"date":"2016-04-11T00:40:23","date_gmt":"2016-04-10T23:40:23","guid":{"rendered":"http:\/\/guillaumecortade.com\/?page_id=103"},"modified":"2026-04-24T16:39:24","modified_gmt":"2026-04-24T15:39:24","slug":"a-propos","status":"publish","type":"page","link":"https:\/\/guillaumecortade.com\/index.php\/a-propos\/","title":{"rendered":"A propos"},"content":{"rendered":"<p data-start=\"267\" data-end=\"553\">Mon travail repose sur une observation au long cours des territoires que j\u2019habite et que je traverse.<\/p>\n<p data-start=\"267\" data-end=\"553\">J\u2019y explore les relations entre les paysages et les formes de vie qui s\u2019y d\u00e9veloppent, en portant attention aux formes et aux traces laiss\u00e9es par les activit\u00e9s humaines.<\/p>\n<p data-start=\"555\" data-end=\"666\">L\u2019homme fa\u00e7onne son environnement pour en faciliter l\u2019usage, tout autant qu\u2019il se construit sous son influence.<\/p>\n<p data-start=\"668\" data-end=\"798\">Inscrite dans une temporalit\u00e9 lente, ma pratique s\u2019appuie sur le r\u00e9el, envisag\u00e9 comme un espace d\u2019exploration et de mise en forme.<\/p>\n","protected":false},"excerpt":{"rendered":"<p>Mon travail repose sur une observation au long cours des territoires que j\u2019habite et que je traverse. J\u2019y explore les relations entre les paysages et les formes de vie qui s\u2019y d\u00e9veloppent, en portant attention aux formes et aux traces laiss\u00e9es par les activit\u00e9s humaines. L\u2019homme fa\u00e7onne son environnement pour en faciliter l\u2019usage, tout autant [&hellip;]<\/p>\n","protected":false},"author":1,"featured_media":0,"parent":0,"menu_order":0,"comment_status":"closed","ping_status":"closed","template":"about.php","meta":{"footnotes":""},"class_list":["post-103","page","type-page","status-publish","hentry"],"_links":{"self":[{"href":"https:\/\/guillaumecortade.com\/index.php\/wp-json\/wp\/v2\/pages\/103","targetHints":{"allow":["GET"]}}],"collection":[{"href":"https:\/\/guillaumecortade.com\/index.php\/wp-json\/wp\/v2\/pages"}],"about":[{"href":"https:\/\/guillaumecortade.com\/index.php\/wp-json\/wp\/v2\/types\/page"}],"author":[{"embeddable":true,"href":"https:\/\/guillaumecortade.com\/index.php\/wp-json\/wp\/v2\/users\/1"}],"replies":[{"embeddable":true,"href":"https:\/\/guillaumecortade.com\/index.php\/wp-json\/wp\/v2\/comments?post=103"}],"version-history":[{"count":5,"href":"https:\/\/guillaumecortade.com\/index.php\/wp-json\/wp\/v2\/pages\/103\/revisions"}],"predecessor-version":[{"id":430,"href":"https:\/\/guillaumecortade.com\/index.php\/wp-json\/wp\/v2\/pages\/103\/revisions\/430"}],"wp:attachment":[{"href":"https:\/\/guillaumecortade.com\/index.php\/wp-json\/wp\/v2\/media?parent=103"}],"curies":[{"name":"wp","href":"https:\/\/api.w.org\/{rel}","templated":true}]}}

<p data-start="267" data-end="553">Mon travail repose sur une observation au long cours des territoires que j’habite et que je traverse.</p>
<p data-start="267" data-end="553">J’y explore les relations entre les paysages et les formes de vie qui s’y développent, en portant attention aux formes et aux traces laissées par les activités humaines.</p>
<p data-start="555" data-end="666">L’homme façonne son environnement pour en faciliter l’usage, tout autant qu’il se construit sous son influence.</p>
<p data-start="668" data-end="798">Inscrite dans une temporalité lente, ma pratique s’appuie sur le réel, envisagé comme un espace d’exploration et de mise en forme.</p>

<p>Mon travail repose sur une observation au long cours des territoires que j’habite et que je traverse. J’y explore les relations entre les paysages et les formes de vie qui s’y développent, en portant attention aux formes et aux traces laissées par les activités humaines. L’homme façonne son environnement pour en faciliter l’usage, tout autant [&hellip;]</p>
